{"id":22,"date":"2026-04-01T14:43:16","date_gmt":"2026-04-01T12:43:16","guid":{"rendered":"https:\/\/www.rolandschule-perleberg.de\/foerderverein\/?page_id=22"},"modified":"2026-04-01T14:43:16","modified_gmt":"2026-04-01T12:43:16","slug":"mitglied-werden","status":"publish","type":"page","link":"https:\/\/www.rolandschule-perleberg.de\/foerderverein\/mitglied-werden\/","title":{"rendered":"Mitglied werden"},"content":{"rendered":"<p>Wir freuen uns immer, neue Mitglieder begr\u00fc\u00dfen zu d\u00fcrfen.<\/p>\n<p>Sie k\u00f6nnen Mitglied werden, indem Sie<\/p>\n<ul>\n<li>die Seite des F\u00f6rdervereins im schuleigenen Hausaufgabenheftes ausf\u00fcllen und im Sekretariat abgeben<\/li>\n<li>den Abschnitt im Flyer ausf\u00fcllen und abgeben<\/li>\n<li>den Flyer ausdrucken und abgeben.<\/li>\n<\/ul>\n<p>Den Flyer finden Sie\u00a0<a href=\"..\/wp-content\/uploads\/2017\/12\/flyer-rolandschule.pdf\"><strong>hier als PDF-Datei.<\/strong><\/a><\/p>\n","protected":false},"excerpt":{"rendered":"<p>Wir freuen uns immer, neue Mitglieder begr\u00fc\u00dfen zu d\u00fcrfen. Sie k\u00f6nnen Mitglied werden, indem Sie die Seite des F\u00f6rdervereins im schuleigenen Hausaufgabenheftes ausf\u00fcllen und im Sekretariat abgeben den Abschnitt im Flyer ausf\u00fcllen und abgeben den Flyer ausdrucken und abgeben. Den Flyer finden Sie\u00a0hier als PDF-Datei.<\/p>\n","protected":false},"author":1,"featured_media":0,"parent":0,"menu_order":0,"comment_status":"closed","ping_status":"closed","template":"","meta":{"_mc_calendar":[],"footnotes":""},"class_list":["post-22","page","type-page","status-publish","hentry"],"_links":{"self":[{"href":"https:\/\/www.rolandschule-perleberg.de\/foerderverein\/wp-json\/wp\/v2\/pages\/22","targetHints":{"allow":["GET"]}}],"collection":[{"href":"https:\/\/www.rolandschule-perleberg.de\/foerderverein\/wp-json\/wp\/v2\/pages"}],"about":[{"href":"https:\/\/www.rolandschule-perleberg.de\/foerderverein\/wp-json\/wp\/v2\/types\/page"}],"author":[{"embeddable":true,"href":"https:\/\/www.rolandschule-perleberg.de\/foerderverein\/wp-json\/wp\/v2\/users\/1"}],"replies":[{"embeddable":true,"href":"https:\/\/www.rolandschule-perleberg.de\/foerderverein\/wp-json\/wp\/v2\/comments?post=22"}],"version-history":[{"count":1,"href":"https:\/\/www.rolandschule-perleberg.de\/foerderverein\/wp-json\/wp\/v2\/pages\/22\/revisions"}],"predecessor-version":[{"id":23,"href":"https:\/\/www.rolandschule-perleberg.de\/foerderverein\/wp-json\/wp\/v2\/pages\/22\/revisions\/23"}],"wp:attachment":[{"href":"https:\/\/www.rolandschule-perleberg.de\/foerderverein\/wp-json\/wp\/v2\/media?parent=22"}],"curies":[{"name":"wp","href":"https:\/\/api.w.org\/{rel}","templated":true}]}}